0231101
-11255322 (base 8) to base 2
-1001010101101011010010
10001002001212 (base 3) to base 9
3032055
What is -120120104 (base 5) in base 4?
-2012211233
What is -27743 (base 9) in base 5?
-1100311
1188 (base 10) to base 2
10010100100
What is -5755267 (base 10) in base 14?
-a9b587
Convert -12e322 (base 15) to base 12.
-379972
Convert -d5c1dd (base 14) to base 3.
-111120200000102
11531150 (base 6) to base 8
1321752
What is -15627 (base 10) in base 2?
-11110100001011
What is -5244120 (base 8) in base 6?
-45521132
6141286 (base 9) to base 13
8a8820
Convert -3368391 (base 13) to base 15.
-15bba83
Convert -3310413433 (base 5) to base 6.
-412400453
What is 2320444 (base 6) in base 15?
255a4
What is 498a64 (base 11) in base 6?
24515405
What is 217404 (base 9) in base 4?
133300222
What is 11212 (base 13) in base 15?
9341
120132121 (base 4) to base 10
100249
-1642ea6 (base 15) to base 10
-16159431
133302 (base 6) to base 4
3002012
-5540520 (base 8) to base 12
-5bb014
Convert -35a0c0 (base 13) to base 11.
-7a3875
Convert 9dd3 (base 15) to base 4.
20023122
-103201021 (base 4) to base 5
-10024240
63ae (base 16) to base 2
110001110101110
Convert -410365 (base 7) to base 2.
-10001000010111111
What is -8a5b5 (base 14) in base 16?
-52023
What is -5510023 (base 6) in base 12?
-112313
7983c1 (base 16) to base 6
442404241
652654 (base 9) to base 2
1011110111111100100
What is -953d6 (base 15) in base 9?
-801313
Convert 412042404 (base 5) to base 2.
110011000110111101001
What is -131493 (base 14) in base 5?
-132003404
What is 1000011001001110100 (base 2) in base 4?
1003021310
-100101100010010001 (base 2) to base 4
-211202101
Convert -4a3962a (base 12) to base 14.
-1cda33c
Convert 4051018 (base 9) to base 5.
1023044230
Convert 1211200221220 (base 3) to base 6.
32545040
-1111100000011101110010 (base 2) to base 12
-1440616
Convert 103233133 (base 5) to base 8.
1547133
Convert 1131100 (base 7) to base 6.
3013351
What is -3c66f (base 16) in base 5?
-30404112
Convert -52b384 (base 15) to base 5.
-2001423144
-20010110010022 (base 3) to base 2
-1100011011000011010100
What is 101111212202202 (base 3) in base 16?
5542a0
9773 (base 13) to base 11
148a7
-103144433 (base 6) to base 14
-35a2d7
-2201302030 (base 4) to base 13
-1a2816
What is -30367 (base 13) in base 10?
-86275
Convert 2659379 (base 14) to base 11.
a498a42
What is 1e2ad0 (base 15) in base 3?
2210001111120
Convert 1d1ed7 (base 16) to base 6.
104523211
Convert -617807 (base 9) to base 10.
-366613
31123642 (base 8) to base 12
2261516
What is -1111110001011001111 (base 2) in base 15?
-a31e5
Convert -231634 (base 7) to base 9.
-62807
Convert -514817 (base 11) to base 16.
-c9b5e
-24052420 (base 7) to base 10
-2130583
What is 1111001100010001101101 (base 2) in base 11?
2280085
-181ab4 (base 14) to base 4
-3033201132
Convert -417272 (base 9) to base 12.
-bb69b
What is 1313002230 (base 4) in base 3?
220202212010
Convert 114042412 (base 5) to base 9.
1003582
What is -1104201002 (base 5) in base 6?
-123413323
What is -10643566 (base 7) in base 15?
-1371e1
321713 (base 8) to base 12
52237
12006376 (base 8) to base 12
a66b66
Convert 2033042123 (base 5) to base 10.
4190288
-113120200 (base 4) to base 8
-273040
45096 (base 15) to base 14
59dda
What is 11b378 (base 12) in base 16?
4694c
3170a1 (base 16) to base 5
1312140342
Convert 63639 (base 10) to base 4.
33202113
Convert 3a10d (base 14) to base 3.
21021000111
What is 2ca16 (base 14) in base 15?
23195
4a202 (base 13) to base 4
201111222
Convert 222000122112112 (base 3) to base 8.
64604153
Convert 35324340 (base 8) to base 16.
75a8e0
What is -1a640 (base 15) in base 11?
-594a7
Convert -22203330033 (base 4) to base 5.
-1202044110
What is 3477 (base 9) in base 7?
10345
Convert -34003143 (base 6) to base 7.
-11505405
Convert 112100010020122 (base 3) to base 11.
4334869
-220311021221 (base 4) to base 10
-10703465
Convert 94601 (base 10) to base 6.
2005545
Convert -22410013 (base 5) to base 15.
-3e6a8
Convert -2d7dd8 (base 15) to base 16.
-219fec
What is 111a63 (base 12) in base 5?
32212221
Convert 350018 (base 13) to base 5.
310203310
Convert 1011101110100000000 (base 2) to base 13.
105b92
825747 (base 9) to base 16
77929
Convert -13522261 (base 7) to base 16.
-1351ea
302234152 (base 6) to base 8
23517424
12533135 (base 6) to base 16
65bd3
-1110000110101110 (base 2) to base 16
-e1ae
Convert -99fbb (base 16) to base 3.
-1012001011211
What is -468818 (base 14) in base 7?
-26305431
-448b4d (base 14) to base 5
-1044013022
What is -115a7a2 (base 14) in base 12?
-2938636
What is -21cc4 (base 15) in base 7?
-625303
-5a22640 (base 12) to base 13
-380609a
2021200111201 (base 3) to base 5
302323110
What is -9097 (base 16) in base 14?
-d6bd
632d7 (base 14) to base 11
153884
Convert -69636 (base 10) to base 13.
-25908
Convert c54c7 (base 13) to base 15.
700c1
90949b (base 12) to base 13
60c971
What is -11101202211110 (base 3) in base 12?
-948a70
Convert 1187a6 (base 12) to base 11.
184850
What is -54611634 (base 7) in base 2?
-10001111001100011111000
Convert -2001100332 (base 4) to base 6.
-15203130
What is -1010202210 (base 3) in base 11?
-15942
-6c3634 (base 13) to base 2
-1001110101011011011010
Convert -121321032 (base 5) to base 7.
-4605222
102111131 (base 4) to base 6
1335405
What is -1152233 (base 7) in base 14?
-3b953
-4077174 (base 9) to base 15
-2d0047
2103300330 (base 4) to base 12
252310
Convert -276088 (base 9) to base 13.
-5b8bc
What is 6194b4 (base 15) in base 16?
46c66f
What is -133877 (base 10) in base 5?
-13241002
-402242214 (base 5) to base 2
-110000111010011111001
-28384c (base 13) to base 11
-609664
What is -927490 (base 13) in base 11?
-1a22763
-178070 (base 11) to base 3
-111221012220
1658630 (base 9) to base 12
387299
What is -392482 (base 11) in base 14?
-1213c2
516643 (base 7) to base 11
60805
Convert 10020202001012 (base 3) to base 6.
101003305
What is 552613 (base 7) in base 15?
1db3a
Convert -1708498 (base 10) to base 3.
-10012210121201
-91892 (base 13) to base 10
-260717
What is -4379563 (base 10) in base 9?
-8214561
Convert -3244545 (base 8) to base 9.
-1566407
Convert -150254 (base 6) to base 5.
-424422
What is 1cc244 (base 14) in base 4?
3330000010
Convert 38240 (base 9) to base 11.
18356
-2121212112021 (base 3) to base 8
-5244422
-348579 (base 14) to base 9
-3327583
Convert 4235461 (base 7) to base 9.
862177
603023 (base 7) to base 10
101888
Convert -a2923b (base 12) to base 9.
-4710012
Convert 110001010011000000010010 (base 2) to base 3.
220022112212212
What is -331430214 (base 5) in base 4?
-11132222111
-105555361 (base 7) to base 14
-bdcd31
-435300451 (base 6) to base 14
-10760a3
What is -2011021120212 (base 3) in base 7?
-12515306
-656722 (base 10) to base 12
-27806a
What is 1011200221100210 (base 3) in base 14?
2347a58
What is 842030 (base 10) in base 15?
119755
10101323003 (base 5) to base 11
5825602
Convert -11110011000100111000 (base 2) to base 8.
-3630470
110010000100110 (base 2) to base 4
12100212
What is -10101101010101111010 (base 2) in base 10?
-710010
Convert -848751 (base 11) to base 4.
-11023222323
What is 87e3a (base 16) in base 12?
22a136
What is 1112220 (base 5) in base 6?
231045
What is 21020200 (base 4) in base 13?
14047
What is -12442051 (base 6) in base 5?
-101104444
Convert 1100220112010 (base 3) to base 2.
10110001010111000001
What is -1140210 (base 6) in base 3?
-10000212220
Convert 10112222 (base 4) to base 15.
543e
What is -2065 (base 11) in base 10?
-2733
Convert a268a (base 12) to base 15.
42b41
-1100111011101011000011 (base 2) to base 13
-919107
What is 9a5c7 (base 13) in base 8?
1042733
Convert 122bb (base 14) to base 11.
3044a
What is 100100110010010111 (base 2) in base 13?
53779
What is -101111000100110110000 (base 2) in base 14?
-2c2240
-3560717 (base 9) to base 5
-443221032
What is 28981 (base 12) in base 6?
1114241
What is 30431423 (base 5) in base 3?
110122112210
32230112 (base 4) to base 5
3411212
What is -444d (base 15) in base 5?
-430343
What is -100212231 (base 4) in base 3?
-10110022000
What is a794785 (base 11) in base 7?
320223123
Convert -1122131311 (base 4) to base 14.
-9907b
Convert -1431380 (base 11) to base 6.
-124431410
-541533154 (base 6) to base 12
-32741ba
-5781423 (base 10) to base 15
-793033
Convert 